 + 3. Suppose 0*r - 3*r + 5*n - 29 = 0, 11 = g*r + 5*n. Let d(b) = b**2 + 5*b - 3. Give d(r).
-9
Let n be (0/2)/(2/(-1)). Let w be 4 + -2 - (1 + -2). Let y(p) = -7*p + 7. Let f(z) = -4*z + 3. Let u(v) = w*y(v) - 5*f(v). Give u(n).
6
Suppose b + 3*o - 2 = 4*o, -4*b + 13 = o. Suppose -2*t + 25 = b*t. Let s(c) = 2 - c - t + 0*c + 10. Calculate s(7).
0
Let k(s) = -s - 3. Let u be -3 - (-7 + (1 - -1)). Let n be 0/((u - 4)/(-1)). What is k(n)?
-3
Let v(x) = -x - 11. Suppose -2*r = -5*r. Let h be (1 - r)*(-4 - -4). Let q be -7 + (0 - (h - 2)). Determine v(q).
-6
Let h = 4 - 0. Let v = 6 - h. Let q(r) = 0 - 6 + 3*r + 22 - 12 - 7. Calculate q(v).
3
Let k(f) = -6*f + 15. Suppose -c + m = -12, -m + 16 - 38 = -2*c. Give k(c).
-45
Suppose l + 7 = -3*u + 2*l, -2*l + 9 = -u. Let d = -7 + 10. Let c(p) = -2*p - 6*p + d*p - p. What is c(u)?
6
Let i(y) = y**3 - y**2. Let x(w) = w**2 + 5*w - 14. Let p(z) = z - 18. Let s be p(11). Let o be x(s). What is i(o)?
0
Let g(h) = -h**2 - 3*h - 7. Let q(p) = -3*p**2 - 7*p - 14. Let x(k) = -5*g(k) + 2*q(k). Let t(n) be the first derivative of x(n). Determine t(-1).
3
Suppose -5*w + 6 = 2*m, 0*m - 2*w = 2*m - 6. Suppose 2*i = m - 9. Let b(f) be the first derivative of 3*f**2 + 3*f + 9. Determine b(i).
-15
Let p(z) = 5*z + 1 - 17 + 23. Give p(-6).
-23
Let w(z) = 4*z**2 + z - 2. Suppose 204 = 3*p - 0. Suppose -6*g = -56 + p. Give w(g).
12
Suppose -10*q + 3 + 7 = 0. Let y(h) = 3 - q - 1 + 7 + h. Calculate y(-7).
1
Suppose 10*h = 6*h + 44. Suppose 3*s = -2*m - 3*m + 1, m - 3*s = h. Let y(l) be the third derivative of -l**5/60 - l**4/12 + l**3/6 + 7*l**2. What is y(m)?
-7
Suppose n + 1 = 3*v + 8, n = -4*v. Let p(a) = 6*a**3 + a**2 + 5*a + 9. Let y(d) = -27*d**3 - 4*d**2 - 21*d - 38. Let c(m) = 17*p(m) + 4*y(m). Give c(v).
7
Let f = -7 - -3. Let h(w) be the third derivative of -w**5/120 - 11*w**3/2 + 18*w**2. Let g(s) be the first derivative of h(s). Give g(f).
4
Let y(m) = -m + 9. Suppose -3*f = -2 - 25. Suppose 2*t = 5*t + 5*u - 14, -36 = -2*t + 2*u. Let b = t - f. Calculate y(b).
5
Let s(h) = h**2 + 3*h + 1. Let w be s(-4). Let n(g) = 0*g**3 + 108*g**2 - g**3 - 104*g**2 + 6*g - 3. What is n(w)?
2
Let b = 49 + -37. Suppose -4 - 4 = 3*i + 2*q, b = -5*i - 3*q. Let z(g) be the third derivative of -g**5/60 - g**3 + g**2. Calculate z(i).
-6
Let n(f) = -14*f - 103. Let d be n(-8). Let y(v) = v**3 - 8*v**2 - 10*v + 2. Calculate y(d).
-7
Suppose -5*i + 3*a - a = 11, 4*i = a - 10. Let g(m) = m**2 + 1. Let t be g(1). Let w(f) = f**3 - 5*f + 2*f**3 - 2 + t*f**3 + 2*f**2 - 4*f**3. What is w(i)?
4
Let x(u) = u**2 - 5*u. Let o be x(6). Let j be (-2 + -5 - -4) + 3. Let l(k) = 3*k + j*k - 5*k + k**2 - 3*k - 5. Give l(o).
1
Let u(m) = 0 - 4 + 6*m + 5 - 5*m. Let a(j) = 3*j + 4 - 6*j + 2*j. Let p be a(4). Calculate u(p).
1
Let r(j) = -j**3 + j**2 - 5. Suppose 3 = b - 5*h - 4, -5*b - 5*h = -5. Suppose 5*l + m = -35, -4*l - 19 - 28 = -3*m. Let a be -4*b/l*0. Give r(a).
-5
Let z(x) = 15*x + 123. Let m be z(-8). Let h(n) be the third derivative of -1/6*n**m + 0 + 1/30*n**5 + 0*n + 0*n**4 + 3*n**2. What is h(2)?
7
Let p(t) be the first derivative of -t**3/3 + 4*t**2 - 6*t + 16. Determine p(6).
6
Let q(b) = -11*b**2 + 3*b - 10. Let y(x) = 12*x**2 - 2*x + 7. Let o(r) = -2*q(r) - 3*y(r). What is o(-1)?
-15
Suppose -p - 7 + 1 = 0. Let q(o) = 3 + 1 + 3 + 6 - o - 9. Determine q(p).
10
Let d(n) be the second derivative of n**5/20 + 5*n**4/12 - n**3/3 + 5*n**2/2 - 58*n. What is d(-6)?
-19
Suppose -3*o + 36 = 2*q, 2*o + 39*q - 25 = 38*q. Let s(t) = -t + 19. What is s(o)?
5
Let r(j) = j - 5. Let o(u) = 31*u**3 + 2*u - 11. Let f(c) = -o(c) + 2*r(c). Give f(1).
-30
Suppose 14*p - 17*p + 12 = 0. Let q(s) = 4 + 2 - 5 + p*s - 8*s. Calculate q(1).
-3
Let g(r) be the second derivative of -r**4/12 - 7*r**3/6 + 3*r**2 - 8*r + 2. Calculate g(-4).
18
Let n(p) = -4*p - 7. Let l be n(-2). Let m(t) = -24*t**3 - t**2 + 2*t + 1. Let a(y) = 25*y**3 + y**2 - y - 1. Let i(g) = -3*a(g) - 2*m(g). Give i(l).
-28
Let h(i) = -18 + 62 + 4304*i - 4309*i. Determine h(9).
-1
Suppose 3*x = 5*o - 41, 9 = o + 4*x - 5*x. Let v = -163 - -166. Let w(c) = -14*c**v - 3*c**2 - 1 - 3*c + 6*c**3 + o*c**3. Give w(-2).
1
Let q(z) be the second derivative of 1/2*z**3 + 0*z**2 - 5/24*z**4 + 1/60*z**5 + 0 + 4*z. Let c(n) be the second derivative of q(n). Determine c(6).
7
Let j(l) = -7*l**2 - 5*l + 5. Let k(f) = 4*f**2 + 3*f - 3. Suppose -14*d + 18*d = 40. Let a(q) = d*k(q) + 6*j(q). Let b be 3*-1*2/(-6). What is a(b)?
-2
Let v(q) = -5*q - 1. Let s(p) = 16*p + 17. Let w(j) = s(j) + 3*v(j). What is w(-7)?
7
Let s(n) = n**3 - 41*n**2 + 80*n - 80. Let k be s(39). Let r(m) = -2*m + 2. What is r(k)?
6
Let h(p) = -5*p**3 - 16*p**2 + 19*p - 11. Let k(d) = 2*d**3 + 8*d**2 - 9*d + 5. Let o(a) = 3*h(a) + 7*k(a). Determine o(7).
9
Let w(r) = -r**2 + 30*r - 33*r + 4*r**2 - 4*r**2 + 1. Let k(f) = f**2 + 10*f + 3. Let p be k(-9). Let t = p - -3. What is w(t)?
1
Let h(f) = -10*f - 1. Let q(t) = 13*t + 1. Let w(c) = 5*h(c) + 4*q(c). What is w(-7)?
-15
Suppose -3*r + 3 = -3. Let c(s) = -s + 27*s**2 - 26*s**r - 4*s - 4. Determine c(5).
-4
Let a(l) be the second derivative of -l**5/20 + 7*l**4/12 + l**3/2 - 3*l**2/2 - 15*l - 2. Determine a(7).
18
Let p(l) = l - 17. Let h be -5*(2/1 + -4). Calculate p(h).
-7
Suppose -20 = -6*n + 2*n. Suppose n*j + 5*g + 3 + 2 = 0, -4*j + 1 = 3*g. Let r(t) = j - 2*t**3 + 3*t**3 - t**2 + t + 0*t**2. Calculate r(0).
4
Let k(d) = -d**2 - 2*d - 1. Suppose 0 = -4*n + 5*f - 12, -7 = -2*n - 2*f - 13. Give k(n).
-4
Let f(t) = -t**3 + 7*t**2 - 5*t - 8. Suppose -m - 3*h + h + 7 = 0, -3*m = -h. Suppose -u = v - m, 2*u + 5*v = 2*v - 3. Determine f(u).
-2
Let w(y) = -7*y**3 + y**2 + y. Let k be w(-1). Suppose 0 = 3*o + k*o - 10. Let d(p) = 8*p + 3. Let j(n) = 8*n + 4. Let f(u) = 5*d(u) - 4*j(u). What is f(o)?
7
Let i(r) be the second derivative of -r**6/720 + r**5/120 - 19*r**4/12 - 34*r. Let p(x) be the third derivative of i(x). Determine p(-5).
6
Let x(c) = c**3 + 6*c**2 - c - 3. Suppose d - 12 + 18 = 0. What is x(d)?
3
Suppose 4*f = -5*s + 5, -5*f = s - 3 + 2. Let m be f*(7/2)/(-7). Let p(g) = g**2 - 7. Give p(m).
-7
Suppose 0 = w + 8*w + 63. Let u(z) = -5*z - 7 - 1 - z**2 + 0 - 4*z. Determine u(w).
6
Let g(h) = 3*h - 8. Let b be 80/48*(-48)/20. Give g(b).
-20
Let o(l) = -41*l**2 - l**3 + 0*l + 47*l**2 + l - 3*l + 2 - 2*l. Calculate o(6).
-22
Let x(n) be the second derivative of -n**3/6 - 5*n**2/2 - 2*n - 58. Suppose 0*y + y = -3. Determine x(y).
-2
Let b(c) = -c**2 - 2*c. Let m(u) = -2*u**3 - 21*u**2 - 7*u + 12. Let h be m(-10). Let x be (6/h)/(2/6). What is b(x)?
1
Let i(u) = u**3 - 6*u**2 - 7*u. Let j be i(7). Suppose 5*r + j*b = 5*b - 105, 0 = -4*r - 4*b - 68. Let m = r + 20. Let h(t) = -8*t + 1. Determine h(m).
-7
Let b(c) = 2*c**3 - c**2 + 2*c - 3. Let y(a) = -3*a - 3*a**3 + 4*a**3 + 3*a. Let z(j) = b(j) - y(j). What is z(2)?
5
Let x = -15 + 9. Let o(t) = t**3 + 5*t**2 - 8*t - 8. Let p be o(x). Let i(r) = -r**2 + 4*r + 4. Give i(p).
4
Suppose 3 = r + 9. Let p = r + 4. Let g(a) = -a**3 + 5*a**2 + 2*a - 1. Let o(t) = 3*t**3 - 13*t**2 - 6*t + 2. Let f(h) = -11*g(h) - 4*o(h). Determine f(p).
-5
Suppose -7*z = -5*g + 64, 2*z + 3*g + 2*g = 1. Let o(n) = -n**2 - 7*n + 9. What is o(z)?
9
Let k(r) = 1. Let g(w) = -w + 13. Let c(f) = g(f) - 6*k(f). Let d = 198 + -300. Let l = 102 + d. What is c(l)?
7
Let w(l) = l + 5. Suppose -7*h = -2*h, 3*h + 24 = 2*d. What is w(d)?
17
Let w(k) = 3*k + 11 + 5 - 18 + 11. Let j(u) = u + 1. Let l(t) = -2*j(t) + w(t). Calculate l(-7).
0
Suppose 10 = -2*t + 20. Let a(s) = -s. Let u(q) = q**3 - 3*q**2 + 7*q - 1. Let k(p) = t*a(p) + u(p). Calculate k(3).
5
Let s(b) = b**2 + 7*b + 5. Let w(n) = n**3 - 8*n**2 - n + 1. Let g be w(8). Calculate s(g).
5
Let l(b) = 14*b**3 + b**2 - b - 1. Suppose u + 56 = 4*y, 4*y - 34 - 46 = -5*u. Suppose -12 = -3*j - y. Determine l(j).
-13
Suppose -26 = -9*q + 11*q. Let b = 19 + q. Let x(z) = -z**3 + 5*z**2 + 7*z. What is x(b)?
6
Suppose -2*d - 16 = -3*m, -4*m + 22 = -2*d - d. Let n(g) = -g**3 + 2*g - 5*g**2 + g - 3*g**3 + 5*g**3 + 5. Give n(m).
1
Let n(z) = -z + 15. Suppose 0 = t + 677 - 677. Calculate n(t).
15
Let c(v) = 3*v + v - 1317 + 8*v**2 + 1320. Let y(k) = k**2. Let q(f) = f. Let j be q(-1). Let s(i) = j*c(i) + 5*y(i). Give s(-2).
-7
